*2 + 4*o - 7. Let d be t(-5). Let j = d + 1. Let g be 2 - j*(-6)/(-2). Calculate the highest common factor of 2 and g.
1
Suppose -3*p - 3*x + 21 = 0, 0*x + 8 = p + 2*x. Let l be 148/12 + 4/p. What is the greatest common divisor of l and 117?
13
Let z be 2 + -4 + 1/2*172. What is the greatest common divisor of 12 and z?
12
Let r(o) = -o**2 - 11*o + 4. Let k be r(-11). Calculate the greatest common divisor of k and 16.
4
Suppose -2*f - 4 = -4*f. Suppose -3*p + 383 = -f*l + 3, -p = 3*l - 123. What is the highest common factor of p and 18?
18
Let i = 103 + -31. Calculate the highest common factor of i and 36.
36
Suppose -r = 2*r - 288. Calculate the greatest common factor of 24 and r.
24
Let n be (-16)/(-104) + 200/52. Calculate the greatest common divisor of 4 and n.
4
Let d be 2/(1*-6)*-3. Let w(v) = 2*v**2 + 3*v + 3. Let q be w(-2). Calculate the greatest common divisor of q and d.
1
Suppose 1188 = -78*z + 82*z. What is the highest common divisor of z and 33?
33
Let o be (12/(-9) - -2)*27. Let r = 27 - -63. What is the greatest common factor of r and o?
18
Let k(j) = j. Let l(s) = s**2 + 8*s + 12. Let d(m) = -4*k(m) - l(m). Let c be d(-9). What is the highest common factor of c and 135?
15
Let z be 2/(-8) + 63/(-36). Let s be 0 + z + -1 - -5. Calculate the highest common factor of 22 and s.
2
Let v be ((-14)/3)/(1/(-12)). Suppose -48 = -3*g - 3*g. Calculate the highest common divisor of g and v.
8
Let i be 4*2/16*260. Calculate the highest common factor of 13 and i.
13
Suppose 4*d = -d + 25. Calculate the highest common divisor of 10 and d.
5
Let d = 23 - -19. What is the greatest common factor of 6 and d?
6
Let d be -95*(3/(-15) + -1). Suppose -608 = 5*u + i, 7*i - 3*i = -u - d. Let s = -77 - u. What is the highest common factor of 15 and s?
15
Suppose -2*f + 71 + 33 = 0. Let s = -30 + 43. What is the greatest common factor of s and f?
13
Let n(t) = 43*t - 10. Let c be n(3). Calculate the greatest common divisor of 17 and c.
17
Suppose 0 = 2*c + 2*c - 144. Let j = c - 16. What is the greatest common factor of j and 4?
4
Let b(n) = -6*n**3 + 2*n**2 + 2*n + 1. Let o be b(-1). Calculate the highest common factor of 56 and o.
7
Let m be 0 - (2 - (-4)/(-1)). Suppose 0 = -m*j + j. Suppose j = -2*z + 1 + 9. Calculate the highest common divisor of 35 and z.
5
Suppose -3*d + 8 + 1 = 0. Suppose d*h - 3 + 5 = i, 0 = -5*i - 3*h + 10. Calculate the greatest common factor of 2 and i.
2
Let t be (6/(-5))/(-3)*-5. Let k be ((-54)/6)/(t/2). Calculate the highest common factor of k and 72.
9
Suppose 3*r = 2*r + 4. Suppose r*y = 8*y + 36. Let i = 20 + y. Calculate the highest common factor of i and 44.
11
Let o = -25 - -69. Calculate the highest common factor of 4 and o.
4
Suppose 5*k = -6 - 9. Let g = 10 + k. Let u = 13 + 15. Calculate the highest common divisor of u and g.
7
Suppose -4*m = -z - 6*m + 14, -2*z = -4*m - 36. What is the greatest common divisor of z and 112?
16
Let a = 29 - 4. Let u = 14 - 9. What is the greatest common factor of u and a?
5
Let y(g) = -15*g - 32. Let k be y(-16). Calculate the highest common divisor of 32 and k.
16
Suppose -i - 5*l - 2 = -10, 5*i + 2*l = 17. Let b = 1 - i. Let f be (-21)/((-3)/(-6)*b). Calculate the greatest common divisor of f and 7.
7
Let b(z) = -5*z + 9. Let c be b(4). Let l = c - -19. What is the highest common divisor of l and 88?
8
Suppose -8 = s - 4*u, -3*s + 2*u = -2*u. Calculate the highest common divisor of s and 44.
4
Let b(s) = s + 18. Let w be b(-9). What is the highest common divisor of 63 and w?
9
Suppose -3*c + 16 = 5*k - 24, c = 5*k - 20. Suppose 0 = 3*n - 4*j - 384, -n - c*j + 128 = -0*n. Calculate the highest common divisor of n and 32.
32
Let v = 86 - 46. Calculate the highest common factor of v and 16.
8
Let h(c) = 16*c**2. Let j be h(1). Let v(k) = 2 - 27*k + 28*k - 5. Let p be v(5). Calculate the greatest common factor of j and p.
2
Let q(w) = w - 1. Let o be q(6). Suppose 4*h = -4*n, -5*h = -o*n - 2*h. Suppose -5*p + 264 - 14 = n. Calculate the greatest common divisor of p and 20.
10
Suppose -5*o = 2*s - 385, -3*s + 77 = 4*o - 3*o. What is the highest common factor of 11 and o?
11
Suppose -5*i + 3*q - q + 25 = 0, -2*i - 2*q = 4. Suppose -5*f - 13 = -i*j, -3*j - 2*j + f + 51 = 0. Calculate the greatest common divisor of 33 and j.
11
Let q(z) = -z**2 + 10*z + 3. Let c be q(9). Calculate the greatest common factor of 6 and c.
6
Let u be (-2)/(8/(-44) + 0). What is the greatest common divisor of u and 1?
1
Let h(v) be the first derivative of 5*v**3 - 3*v**2/2 + 4*v - 2. Let p be h(3). Let c = -80 + p. What is the highest common factor of c and 125?
25
Let t = -16 + 34. Suppose 3*j - 56 = -j. Suppose 5*b = j - 4. What is the highest common factor of b and t?
2
Suppose -67 = -5*i - 2*z - z, 4*i = -2*z + 54. Calculate the greatest common divisor of 98 and i.
14
Suppose 0*l = -l + 109. Let f be l + (-1)/(-3)*3. Calculate the highest common divisor of 44 and f.
22
Let p(k) = 4*k + 2. Let g be p(0). Let u = 0 + 2. Calculate the greatest common factor of g and u.
2
Let z be 7 - (-3)/6*(-18)/3. What is the highest common factor of 12 and z?
4
Let q = -20 + 36. Let z(n) = -n**2 - 8*n - 2. Let g be z(-7). Suppose 3*f - g*m - 457 = 0, -3*f - m + 283 = -f. What is the greatest common divisor of f and q?
16
Let z be (6/4)/((-2)/(-12)). Let k(g) = -g**2 + 5*g + 8. Let i be k(7). Let s = 42 + i. Calculate the highest common divisor of s and z.
9
Let y be 3/((-12)/368*-2). Calculate the greatest common divisor of 23 and y.
23
Suppose -3*m + 248 - 59 = 0. Let r = 146 - 137. What is the greatest common factor of m and r?
9
Suppose 64 = 5*s - 4*s. Suppose 0 = 3*t - 9 - 0. Suppose x - 3 = 2*q - 3*q, -23 = -q + t*x. What is the greatest common divisor of q and s?
8
Let u = -140 + 163. Let w(b) = -2*b**3 - 7*b**2 + 2*b - 7. Let d = -2 - 4. Let y be w(d). What is the greatest common divisor of y and u?
23
Let t be (-2)/2 + 25 + -2. Suppose -3 = -k + 4. Suppose 0 = -2*g + k*g - 10. What is the greatest common factor of t and g?
2
Let d(p) = -p**3 - 13*p**2 + 9*p - 2. Let s be d(-14). Let u = -4 + s. Calculate the greatest common factor of 8 and u.
8
Let k(i) = -i - 4. Let d be k(-6). Suppose -3*y + 50 = d*y. Let q = y + -1. Calculate the highest common divisor of q and 3.
3
Suppose 5*j - j = -5*g - 193, -5*g - 208 = -j. Let r = g + 149. Calculate the greatest common factor of 12 and r.
12
Let k(o) = -o**3 + o**2 - o + 13. Let h be k(0). Calculate the greatest common divisor of 65 and h.
13
Let i be (-1)/(-4)*2*0. Let t be -36*(1/(-2) + i). Let h = t - 9. Calculate the greatest common factor of 9 and h.
9
Let w = 21 - 18. Calculate the highest common divisor of 39 and w.
3
Suppose -i + 2*i = 18. Let z = -11 - 5. Let g be (z - -6)*(-72)/10. What is the highest common factor of i and g?
18
Suppose 0 = 3*c - 121 - 131. Let m = c - 56. Suppose 146 = 2*o + 2*g, 2*o - 4*o - 5*g + 155 = 0. Calculate the highest common factor of o and m.
14
Let a(k) = k**3 - 2*k - 1. Let z be a(2). Let l be z/(((-8)/6)/(-4)). Let p = 43 - l. Calculate the highest common divisor of 85 and p.
17
Suppose 0 = 3*w - 1 - 14. Calculate the greatest common divisor of 1 and w.
1
Let j be -2 + (-8 - 0/1). Let i be 1/2 + j/(-4). Suppose 0 = 2*z + 3*m - 16, i*z = -0*z + 3*m + 54. Calculate the highest common factor of z and 56.
14
Suppose 0 = 5*k + d, -k + 4*d + 21 = -0*k. Let v be (k/3)/((-2)/(-54)). Let c = 129 - 30. Calculate the highest common divisor of v and c.
9
Let o be (-3)/(15/(-560)) + -4. What is the highest common factor of 27 and o?
27
Let v(x) = 12*x + 21. Let s be v(4). Calculate the highest common factor of 23 and s.
23
Let v = -8 + 14. Let z be (-68)/(-11) + (-6)/33. Calculate the highest common factor of z and v.
6
Let d = 124 - 103. Calculate the greatest common divisor of d and 3.
3
Suppose -p + 8 = -0*p. Suppose -4*l + p*l = 368. What is the greatest common factor of l and 23?
23
Let l(p) = -43*p**3 + 2*p + 1. Let a be l(-1). Calculate the highest common factor of 70 and a.
14
Let j = 10 + -2. Let t(s) = -4*s - 4. Let b be t(-2). What is the highest common factor of b and j?
4
Suppose z = -0*z + 3. Suppose 8*r - 3*r - 3*m - 14 = 0, m + 3 = 0. What is the highest common divisor of r and z?
1
Let p(r) = -r - 3. Let b be p(-4). Cal